sor of 4 and m?
4
Let o(n) = -n**3 + 52 - 8*n - 10*n**2 + 7*n**2 + 8*n**2. Let t be o(5). Calculate the highest common factor of t and 12.
12
Suppose 374*d + 2045 = 379*d. Let p = -325 + d. Calculate the greatest common divisor of p and 12.
12
Suppose 25 - 10 = 3*l. Suppose b + 3*b = -y + 14, -5*y + 5*b = 5. Suppose n = 3, -i + y*n + 4 + 0 = 0. What is the greatest common divisor of l and i?
5
Suppose -4*h = -3*x + 27916, 5*x - h = 4*h + 46535. What is the greatest common factor of x and 72?
24
Let p(b) = 1 + b + 190 + 169. Let t be 3 - (-120)/(-15) - (-1 + -4). Let o be p(t). What is the greatest common factor of 45 and o?
45
Let g = -35900 + 35924. Suppose -l - 3*k = -2*l + 354, -4*l - 2*k + 1388 = 0. What is the greatest common divisor of g and l?
12
Let y = 2041 - 1995. Let w = -93 - -59. Let b = w + y. What is the greatest common factor of 84 and b?
12
Suppose j = -2*q + 86, 13*q - 16*q = -3*j + 249. What is the greatest common factor of 1036 and j?
28
Let s be 102/153 + (-9736)/(-12). Calculate the greatest common divisor of s and 116.
116
Let q(f) = 10*f**2 - 4*f + 38. Let u(w) = 13*w**2 - 5*w + 39. Let b(d) = -5*q(d) + 4*u(d). Let y be b(-7). What is the greatest common divisor of 2 and y?
2
Let u be 23*1*(-2 - -4). Suppose -6*o + 248 = -2*o + 4*v, v = 4. Let l be (87/o)/(1/46). Calculate the greatest common divisor of u and l.
23
Suppose -80*a + 84*a - 116 = 0. Let w = a + -25. Calculate the highest common factor of w and 5.
1
Let n = 0 + 2. Suppose -n*d + 25 + 29 = 0. Calculate the greatest common divisor of 648 and d.
27
Let n = 3962 - 3197. What is the highest common divisor of n and 225?
45
Let k(v) = -v**3 + 7*v**2 + 3*v. Let s be k(4). Let w(m) = m + 3. Let x be w(0). Let g = x + 12. Calculate the highest common divisor of s and g.
15
Let v(g) = -5*g - 50. Suppose 68 = -4*s + 2*f, 2*s + f - 2 = -40. Let t be v(s). What is the highest common factor of t and 140?
20
Let l be 118/10 - -7*9/315. Calculate the highest common factor of 232 and l.
4
Let k(t) = 41*t**2 + 43*t**2 + 43*t**2 - 111*t**2 + 2*t + 5 - 12. Let o be k(5). What is the greatest common factor of o and 39?
13
Let i be (10 + (5 - 186/15))*65. Calculate the greatest common divisor of 923 and i.
13
Let c be (-5)/7 - 140868/(-882). Calculate the greatest common factor of 371 and c.
53
Let m(a) = -a**2 - 69*a + 640. Let z be m(8). Let j be 138/2 - (3 + -5). Let g = -35 + j. Calculate the greatest common factor of g and z.
12
Let v be -1*(0 + -6 - -6). Suppose 4*b + 17 - 81 = v. Calculate the highest common factor of 96 and b.
16
Let a be 1120/63 + (-25)/225 + (-1)/(-3). Let z be (-476)/(-77) + (-2)/11. Calculate the greatest common factor of a and z.
6
Suppose 0 = c - 314 - 467 + 206. What is the greatest common divisor of 525 and c?
25
Suppose -4*i = 3*v + 8, -10 = 2*v - 5*i + 3. Let t be 8 - (v/(-4) + 2). Suppose -5 = -t*z + 850. What is the highest common divisor of z and 19?
19
Let y be (-3 - 115578/(-10)) + (-96)/(-80). Calculate the greatest common divisor of y and 12.
12
Let f be (198/2244*-17)/(3 + (-67)/22). Suppose -3*r - 6 - 6 = 0. Let t be (4/5)/(r/(-110)). What is the highest common factor of f and t?
11
Let g(m) = -m**3 - 19*m**2 - 99*m - 49. Let a be g(-11). What is the greatest common factor of a and 17352?
72
Let f(g) = -26*g - 94. Let m be f(-6). Calculate the greatest common factor of m and 9703.
31
Let i be 828/(-15)*-4*(-15)/(-24). What is the highest common divisor of i and 368?
46
Let l(v) = 8760*v**2 - 106*v + 105. Let s be l(1). What is the highest common divisor of s and 38?
19
Let n(x) = x**3 - 19*x**2 + 12*x - 213. Let r be n(19). Suppose 3*c = 8*c - 25, 4*l - 2*c - 110 = 0. Calculate the greatest common factor of l and r.
15
Suppose 0 = -11*y + 6*y + 4*a + 2104, 844 = 2*y - 2*a. Calculate the highest common factor of 7124 and y.
52
Let z = 40 + -8. Suppose 12*h = 10*h - 392. Let r = 204 + h. What is the greatest common factor of z and r?
8
Suppose 5*n - 269 = -c, 7*n + c - 161 = 4*n. Suppose -p = -h - 42, -2*p + 4*h - 8*h + n = 0. What is the highest common divisor of p and 111?
37
Let q(u) = 20*u + 12*u**2 - 3*u**3 + 20 - 21*u - 3*u. Let b be q(4). Calculate the highest common divisor of 68 and b.
4
Suppose 8*x - 7*x + 108 = 2*l, 3*x + 274 = -4*l. Let k be x/4*1*(-4)/7. Suppose -3*q + 20 = -1. What is the greatest common divisor of k and q?
7
Suppose -2*l + 3 - 1 = 0. Let k(m) = 18*m**2 - 632*m + 73. Let h be k(35). Calculate the highest common divisor of l and h.
1
Suppose -k - 5*o - 5 = 0, k - 37*o + 34*o - 19 = 0. Calculate the highest common factor of k and 3845.
5
Let l = 15 + -8. Let g = 6085 - 4228. Let s = g + -1850. What is the greatest common factor of l and s?
7
Suppose -23*d - 5 + 465 = 0. Calculate the greatest common divisor of d and 8810.
10
Let w(j) = 34*j - 10. Let g be w(-1). Let z be 0 + (-4521)/g + 6/(-8). Calculate the highest common factor of z and 51.
51
Let c(p) = -27*p - 128. Let v = 963 - 968. Let w be c(v). What is the greatest common factor of w and 14?
7
Let f(o) = -59*o + 481. Let b be f(8). Let g(u) = 1125*u**3 + u**2 - u. Let a be g(1). Calculate the highest common factor of a and b.
9
Let g = -61 - -73. Suppose g*n = 14*n. Suppose 9*i - 10*i + 144 = n. What is the highest common divisor of i and 16?
16
Let h(q) = 142*q + 5506. Let b be h(-38). What is the greatest common divisor of 1023 and b?
11
Suppose 2*b - 5*l - 1233 = 0, -3*b + 3*l + 1895 = 32. Suppose -3*j - 186 + b = 0. Calculate the greatest common divisor of 73 and j.
73
Let q(u) = -3*u**3 + 4*u**2 - 17*u - 56. Let o be q(-3). What is the greatest common factor of o and 21?
7
Suppose -13*c + 54 = -4*y - 11*c, -3*y - 24 = 4*c. Let n(j) = 5*j + 67. Let w be n(y). Calculate the greatest common divisor of 1 and w.
1
Let i be 52/(-2)*99/(-22). Calculate the greatest common factor of i and 459.
9
Suppose -25*p + 41600 = 40*p. What is the highest common factor of 10 and p?
10
Suppose -6*s = -3*x - 11*s - 653, s = -4*x - 848. Let j = x + 222. Calculate the highest common divisor of j and 66.
11
Let s = -4 + -55. Let w = s - -54. Let x(p) = -8*p - 21. Let a be x(w). What is the highest common divisor of 76 and a?
19
Let b = 5431 + -5224. What is the greatest common divisor of b and 8487?
207
Let z(n) = -13*n**3 + 4*n. Let y(r) = 4 + 8*r - 3*r - 4*r. Let p be y(-6). Let q be z(p). Calculate the greatest common divisor of 12 and q.
12
Let y(k) = 504*k - 8533. Let m be y(29). Calculate the greatest common divisor of 154 and m.
77
Let h(y) = -y**2 - 71*y - 486. Let t be h(-9). What is the greatest common divisor of t and 18?
18
Suppose 16*f - 4*c = 21*f - 51377, -2*f - 7*c = -20594. Calculate the greatest common factor of 63 and f.
63
Let p(s) = s + 7. Let x be p(5). Let b(c) = -c**2 + 15*c - 24. Let l be b(11). Let h be x/20 + 228/l. What is the greatest common divisor of h and 84?
12
Suppose 0 = -363*f + 360*f + 36. Suppose 2*v = 4, 15*b + v - 23 = f*b. Calculate the highest common factor of 7 and b.
7
Let z be (-4 + 1)*(-43)/(1806/560). Let j(h) = -h**3 - 2*h**2 - 3*h + 14. Let l be j(-7). What is the greatest common divisor of l and z?
40
Suppose 11*u - 806 = -20*u. Suppose 0 = u*n - 28*n + 86. Suppose 0 = -4*v - 4*a + 512, -297 = 5*v - 3*a - 945. Calculate the greatest common divisor of v and n.
43
Let i(f) = 38*f + 28. Let z be i(0). What is the highest common divisor of 1799 and z?
7
Let z be 213 + 584 - 3*-5. What is the greatest common factor of z and 116?
116
Let n(d) = 3*d**2 - 4*d + 1. Suppose -4*g + 46 = g + z, -3*g + 28 = z. Suppose 20 = -g*p + 4*p. Let y be n(p). What is the highest common factor of y and 5?
5
Suppose 0 = -2*c - 41*k + 42*k + 4, 2*c = -2*k - 2. What is the highest common factor of c and 103?
1
Suppose 0 = -j - 20*q + 22*q + 60, 0 = -3*j - 4*q + 190. Suppose j = 2*g - 224. Calculate the highest common divisor of g and 33.
11
Suppose 2379*n - 24 = -4*z + 2383*n, 0 = -2*z + 3*n + 13. Suppose 2*l - 5 = 5. Calculate the greatest common divisor of z and l.
5
Let z(v) = 3*v**2 - 85*v + 1210. Let m be z(22). Calculate the greatest common divisor of 99 and m.
99
Suppose 17 = n + 1. Let t = -1 + n. Let k = 5496 - 5391. What is the greatest common factor of t and k?
15
Let v be ((-18)/15)/(582/(-145) - -4). Let b = v - 45. Suppose -5*l -